{"id":27,"date":"2015-05-12T18:21:23","date_gmt":"2015-05-12T16:21:23","guid":{"rendered":"https:\/\/gis-dienst.de\/?page_id=27"},"modified":"2017-10-17T13:36:30","modified_gmt":"2017-10-17T11:36:30","slug":"strassenplanung","status":"publish","type":"page","link":"https:\/\/gis-dienst.de\/?page_id=27","title":{"rendered":"Stra\u00dfenplanung"},"content":{"rendered":"<figure id=\"attachment_638\" aria-describedby=\"caption-attachment-638\" style=\"width: 885px\" class=\"wp-caption alignnone\"><a href=\"https:\/\/gis-dienst.de\/wp-content\/uploads\/2015\/05\/Planung2.jpg\" target=\"_blank\"><img loading=\"lazy\" decoding=\"async\" class=\"wp-image-638 size-full\" title=\"Planung by Gis-Dienst\" src=\"https:\/\/gis-dienst.de\/wp-content\/uploads\/2015\/05\/Planung2.jpg\" alt=\"Planung by Gis-Dienst\" width=\"885\" height=\"495\" srcset=\"https:\/\/gis-dienst.de\/wp-content\/uploads\/2015\/05\/Planung2.jpg 885w, https:\/\/gis-dienst.de\/wp-content\/uploads\/2015\/05\/Planung2-300x168.jpg 300w\" sizes=\"auto, (max-width: 885px) 100vw, 885px\" \/><\/a><figcaption id=\"caption-attachment-638\" class=\"wp-caption-text\">Marktplatz Trebsen<\/figcaption><\/figure>\n<p style=\"text-align: justify;\">Jede Verkehrsfl\u00e4che hat unterschiedliche Anforderungen an Nutzung und Gestaltung. Wir entwickeln im Rahmen unserer Planungsleistung f\u00fcr jeden Anspruch die optimale L\u00f6sung. Dabei legen wir besonderen Wert auf die Gestaltung, die zweckdienliche Aufteilung der Verkehrsfl\u00e4chen sowie der Einsatz von geeigneten Materialien, nat\u00fcrlich unter Beachtung der Kosten.<\/p>\n<ul>\n<li style=\"text-align: justify;\">Stra\u00dfen \u2013 und Verkehrsfl\u00e4chen f\u00fcr Stadt- und Landstra\u00dfen<\/li>\n<li style=\"text-align: justify;\">Gestaltung von Pl\u00e4tzen<\/li>\n<li style=\"text-align: justify;\">Fl\u00e4chen f\u00fcr den ruhenden Verkehr<\/li>\n<li style=\"text-align: justify;\">Haltestellen f\u00fcr den \u00d6PNV<\/li>\n<\/ul>\n<p style=\"text-align: center;\">\n","protected":false},"excerpt":{"rendered":"<p>Jede Verkehrsfl\u00e4che hat unterschiedliche Anforderungen an Nutzung und Gestaltung. Wir entwickeln im Rahmen unserer Planungsleistung f\u00fcr jeden Anspruch die optimale L\u00f6sung. Dabei legen wir besonderen Wert auf die Gestaltung, die zweckdienliche Aufteilung der Verkehrsfl\u00e4chen sowie der Einsatz von geeigneten Materialien,<\/p>\n","protected":false},"author":1,"featured_media":0,"parent":0,"menu_order":0,"comment_status":"closed","ping_status":"closed","template":"","meta":{"_monsterinsights_skip_tracking":false,"_monsterinsights_sitenote_active":false,"_monsterinsights_sitenote_note":"","_monsterinsights_sitenote_category":0,"footnotes":""},"class_list":["post-27","page","type-page","status-publish","hentry"],"aioseo_notices":[],"_links":{"self":[{"href":"https:\/\/gis-dienst.de\/index.php?rest_route=\/wp\/v2\/pages\/27","targetHints":{"allow":["GET"]}}],"collection":[{"href":"https:\/\/gis-dienst.de\/index.php?rest_route=\/wp\/v2\/pages"}],"about":[{"href":"https:\/\/gis-dienst.de\/index.php?rest_route=\/wp\/v2\/types\/page"}],"author":[{"embeddable":true,"href":"https:\/\/gis-dienst.de\/index.php?rest_route=\/wp\/v2\/users\/1"}],"replies":[{"embeddable":true,"href":"https:\/\/gis-dienst.de\/index.php?rest_route=%2Fwp%2Fv2%2Fcomments&post=27"}],"version-history":[{"count":9,"href":"https:\/\/gis-dienst.de\/index.php?rest_route=\/wp\/v2\/pages\/27\/revisions"}],"predecessor-version":[{"id":668,"href":"https:\/\/gis-dienst.de\/index.php?rest_route=\/wp\/v2\/pages\/27\/revisions\/668"}],"wp:attachment":[{"href":"https:\/\/gis-dienst.de\/index.php?rest_route=%2Fwp%2Fv2%2Fmedia&parent=27"}],"curies":[{"name":"wp","href":"https:\/\/api.w.org\/{rel}","templated":true}]}}