{"id":166,"date":"2017-03-02T16:00:17","date_gmt":"2017-03-02T15:00:17","guid":{"rendered":"https:\/\/gis-dienst.de\/?page_id=166"},"modified":"2018-05-22T06:20:56","modified_gmt":"2018-05-22T04:20:56","slug":"planauskunft","status":"publish","type":"page","link":"https:\/\/gis-dienst.de\/?page_id=166","title":{"rendered":"Leitungsauskunft"},"content":{"rendered":"<p style=\"text-align: justify;\"><span style=\"color: #0d548f;\"><strong>\u00a0<\/strong><\/span><a href=\"https:\/\/gis-dienst.de\/wp-content\/uploads\/2017\/03\/Bundesweit.jpg\"><img loading=\"lazy\" decoding=\"async\" class=\"alignnone wp-image-381\" src=\"https:\/\/gis-dienst.de\/wp-content\/uploads\/2017\/03\/Bundesweit.jpg\" alt=\"Bundesweit\" width=\"730\" height=\"287\" srcset=\"https:\/\/gis-dienst.de\/wp-content\/uploads\/2017\/03\/Bundesweit.jpg 1193w, https:\/\/gis-dienst.de\/wp-content\/uploads\/2017\/03\/Bundesweit-300x118.jpg 300w, https:\/\/gis-dienst.de\/wp-content\/uploads\/2017\/03\/Bundesweit-1024x403.jpg 1024w\" sizes=\"auto, (max-width: 730px) 100vw, 730px\" \/><\/a><\/p>\n<div class=\"fu5e3b qhIQqf\">\n<p class=\"wftCae\" dir=\"ltr\" style=\"text-align: justify;\">Wir als Dienstleiter bearbeiten Ihre Leitungs- oder Schachtscheinanfrage \u00fcber das benutzerfreundliches Portal <a href=\"http:\/\/www.leitungsausk\u00fcnfte.de\">www.leitungsausk\u00fcnfte.de<\/a>.<\/p>\n<p class=\"wftCae\" dir=\"ltr\" style=\"text-align: justify;\">Das Dienstleistungsportal ist f\u00fcr alle Bauleiter, Firmen oder Privatleute, die nur wenige Minuten aufwenden wollen um f\u00fcr Ihre aktuelle Bauma\u00dfnahme alle erforderlichen Leitungsausk\u00fcnfte, regional auch Schachtscheine oder Planausk\u00fcnfte genannt, einzuholen. Sie stellen einen Antrag und erhalten deutschlandweit alle erforderlichen Ausk\u00fcnfte ohne sich weiter darum k\u00fcmmern zu m\u00fcssen. Wir stellen Ihnen die Ausk\u00fcnfte zu Versorgungsleistern (Strom, Gas, Wasser\/Abwasser, Telekommunikation) sorgf\u00e4ltig zusammen. So gewinnen Sie Zeit um sich um Ihre Kernaufgaben zu k\u00fcmmern und werden eine stressige Aufgabe los.<\/p>\n<p class=\"wftCae\" dir=\"ltr\" style=\"text-align: justify;\">Mit den neuen Portalupdate haben Sie immer und \u00fcberall alle Ihre Schachtscheine auf Ihrem Smartphone dabei. Zus\u00e4tzlich bietet das Portal eine einzigartige \u00dcbersicht und Archivierung aller Leitungsausk\u00fcnfte zu den einzelnen Baustellen.<\/p>\n<\/div>\n<p style=\"padding-left: 60px;\"><strong>Ablauf\/Nutzung<\/strong><\/p>\n<p style=\"padding-left: 60px;\">1. Registrieren Sie sich online auf: <a href=\"http:\/\/www.leitungsausk\u00fcnfte.de\" target=\"_blank\" rel=\"noopener\">www.leitungsausk\u00fcnfte.de<\/a><\/p>\n<p style=\"padding-left: 60px;\">2. F\u00fcllen Sie unser Formular aus.<\/p>\n<p style=\"padding-left: 60px;\">2. Wir schicken Ihnen ein Angebot zu.<\/p>\n<p style=\"padding-left: 60px;\">3. Sie best\u00e4tigen &#8211; Wir bearbeiten.<\/p>\n<p style=\"padding-left: 60px;\">4. Nach Einholung der Ausk\u00fcnfte erhalten Sie umgehend die Planausk\u00fcnfte.<\/p>\n<p style=\"text-align: justify;\">Profitieren Sie von unserer Erfahrung in Zusammenarbeit mit Baufirmen, Leitungsplanern, \u00c4mtern, Versorgungsdienstleistern und Privatleuten.<\/p>\n<table style=\"height: 523px;\" width=\"527\">\n<tbody>\n<tr>\n<td style=\"text-align: center;\" width=\"614\">\u00a0<a href=\"https:\/\/gis-dienst.de\/wp-content\/uploads\/2017\/03\/image004-e1505290414883.png\"><img loading=\"lazy\" decoding=\"async\" class=\"alignnone wp-image-324\" src=\"https:\/\/gis-dienst.de\/wp-content\/uploads\/2017\/03\/image004-e1505290414883.png\" alt=\"image004\" width=\"45\" height=\"23\" \/><\/a> <strong><span style=\"color: #0d548f;\">Leitungsausk\u00fcnfte via Smartphone oder Tablet\u00a0<\/span><\/strong><em><strong><span style=\"color: #0d548f;\"> <a href=\"https:\/\/gis-dienst.de\/wp-content\/uploads\/2017\/03\/image004-e1505290414883.png\"><img loading=\"lazy\" decoding=\"async\" class=\"alignnone wp-image-324\" src=\"https:\/\/gis-dienst.de\/wp-content\/uploads\/2017\/03\/image004-e1505290414883.png\" alt=\"image004\" width=\"45\" height=\"23\" \/><\/a><\/span><\/strong><\/em><\/p>\n<p>&nbsp;<\/p>\n<p><img loading=\"lazy\" decoding=\"async\" class=\"wp-image-714 alignleft\" src=\"https:\/\/gis-dienst.de\/wp-content\/uploads\/2018\/05\/Schachtschein_Dateiansicht_S8-508x1024.png\" alt=\"Schachtschein Leitungsauskunft \" width=\"198\" height=\"399\" srcset=\"https:\/\/gis-dienst.de\/wp-content\/uploads\/2018\/05\/Schachtschein_Dateiansicht_S8-508x1024.png 508w, https:\/\/gis-dienst.de\/wp-content\/uploads\/2018\/05\/Schachtschein_Dateiansicht_S8-149x300.png 149w, https:\/\/gis-dienst.de\/wp-content\/uploads\/2018\/05\/Schachtschein_Dateiansicht_S8-768x1548.png 768w, https:\/\/gis-dienst.de\/wp-content\/uploads\/2018\/05\/Schachtschein_Dateiansicht_S8.png 1000w\" sizes=\"auto, (max-width: 198px) 100vw, 198px\" \/><\/p>\n<p><img loading=\"lazy\" decoding=\"async\" class=\"wp-image-722 size-full alignright\" src=\"https:\/\/gis-dienst.de\/wp-content\/uploads\/2018\/05\/Schachtschein_Dateiansicht_S8__2.png\" alt=\"\" width=\"198\" height=\"400\" srcset=\"https:\/\/gis-dienst.de\/wp-content\/uploads\/2018\/05\/Schachtschein_Dateiansicht_S8__2.png 198w, https:\/\/gis-dienst.de\/wp-content\/uploads\/2018\/05\/Schachtschein_Dateiansicht_S8__2-149x300.png 149w\" sizes=\"auto, (max-width: 198px) 100vw, 198px\" \/><\/p>\n<p>&nbsp;<\/td>\n<\/tr>\n<\/tbody>\n<\/table>\n<p>&nbsp;<\/p>\n","protected":false},"excerpt":{"rendered":"<p>\u00a0 Wir als Dienstleiter bearbeiten Ihre Leitungs- oder Schachtscheinanfrage \u00fcber das benutzerfreundliches Portal www.leitungsausk\u00fcnfte.de. Das Dienstleistungsportal ist f\u00fcr alle Bauleiter, Firmen oder Privatleute, die nur wenige Minuten aufwenden wollen um f\u00fcr Ihre aktuelle Bauma\u00dfnahme alle erforderlichen Leitungsausk\u00fcnfte, regional auch Schachtscheine<\/p>\n","protected":false},"author":1,"featured_media":0,"parent":0,"menu_order":0,"comment_status":"closed","ping_status":"closed","template":"","meta":{"_monsterinsights_skip_tracking":false,"_monsterinsights_sitenote_active":false,"_monsterinsights_sitenote_note":"","_monsterinsights_sitenote_category":0,"footnotes":""},"class_list":["post-166","page","type-page","status-publish","hentry"],"aioseo_notices":[],"_links":{"self":[{"href":"https:\/\/gis-dienst.de\/index.php?rest_route=\/wp\/v2\/pages\/166","targetHints":{"allow":["GET"]}}],"collection":[{"href":"https:\/\/gis-dienst.de\/index.php?rest_route=\/wp\/v2\/pages"}],"about":[{"href":"https:\/\/gis-dienst.de\/index.php?rest_route=\/wp\/v2\/types\/page"}],"author":[{"embeddable":true,"href":"https:\/\/gis-dienst.de\/index.php?rest_route=\/wp\/v2\/users\/1"}],"replies":[{"embeddable":true,"href":"https:\/\/gis-dienst.de\/index.php?rest_route=%2Fwp%2Fv2%2Fcomments&post=166"}],"version-history":[{"count":53,"href":"https:\/\/gis-dienst.de\/index.php?rest_route=\/wp\/v2\/pages\/166\/revisions"}],"predecessor-version":[{"id":723,"href":"https:\/\/gis-dienst.de\/index.php?rest_route=\/wp\/v2\/pages\/166\/revisions\/723"}],"wp:attachment":[{"href":"https:\/\/gis-dienst.de\/index.php?rest_route=%2Fwp%2Fv2%2Fmedia&parent=166"}],"curies":[{"name":"wp","href":"https:\/\/api.w.org\/{rel}","templated":true}]}}