{"id":153,"date":"2017-03-02T15:14:20","date_gmt":"2017-03-02T14:14:20","guid":{"rendered":"https:\/\/gis-dienst.de\/?page_id=153"},"modified":"2017-10-20T13:25:54","modified_gmt":"2017-10-20T11:25:54","slug":"zustandsdokumentation","status":"publish","type":"page","link":"https:\/\/gis-dienst.de\/?page_id=153","title":{"rendered":"Zustandserfassung"},"content":{"rendered":"<div style=\"width: 750px;\" class=\"wp-video\"><!--[if lt IE 9]><script>document.createElement('video');<\/script><![endif]-->\n<video class=\"wp-video-shortcode\" id=\"video-153-1\" width=\"750\" height=\"422\" loop=\"1\" autoplay=\"1\" preload=\"none\" controls=\"controls\"><source type=\"video\/mp4\" src=\"https:\/\/gis-dienst.de\/wp-content\/uploads\/2017\/03\/geovideos_opt.mp4?_=1\" \/><a href=\"https:\/\/gis-dienst.de\/wp-content\/uploads\/2017\/03\/geovideos_opt.mp4\">https:\/\/gis-dienst.de\/wp-content\/uploads\/2017\/03\/geovideos_opt.mp4<\/a><\/video><\/div>\n<p style=\"text-align: justify;\">Mit unserer visuell-sensitiven 360\u00b0-Videotechnologieentwicklung erfassen wir den aktuellen Zustand der Verkehrsinfrastruktur. Die Dokumentation erfolgt mit eigenem Befahrungsfahrzeug. Wir bieten turnunsm\u00e4\u00dfige Nachbefahrungen und einen eigenen Viewer zum georeferenzierten Darstellen und Auswerten der Videos an. Die Erfassung erfolgt nach qualit\u00e4tszertifizierten Richtlinien DIN ISO 9001.<\/p>\n<p>Im Rahmen der Erfassung von Schadensmerkmalen nach FGSV\/E EMI 2003 und 2012 bieten wir die Nutzung der Daten f\u00fcr ein PMS (Pavment-Management-System) an.<br \/>\nDabei kann der Anwender &#8211; nach Einpflegen der lokalen Baupreise &#8211; sich durch die Software die zu erwartenden Kosten f\u00fcr die Stra\u00dfenerhaltungsma\u00dfnahmen in Bezug<br \/>\nauf zeitliche Entwicklung ausgeben lassen.<\/p>\n<p><a href=\"https:\/\/gis-dienst.de\/wp-content\/uploads\/2017\/03\/ZustandStrasse.jpg\"><img loading=\"lazy\" decoding=\"async\" class=\"alignnone  wp-image-574\" src=\"https:\/\/gis-dienst.de\/wp-content\/uploads\/2017\/03\/ZustandStrasse.jpg\" alt=\"ZustandStrasse\" width=\"725\" height=\"251\" srcset=\"https:\/\/gis-dienst.de\/wp-content\/uploads\/2017\/03\/ZustandStrasse.jpg 2168w, https:\/\/gis-dienst.de\/wp-content\/uploads\/2017\/03\/ZustandStrasse-300x104.jpg 300w, https:\/\/gis-dienst.de\/wp-content\/uploads\/2017\/03\/ZustandStrasse-1024x354.jpg 1024w\" sizes=\"auto, (max-width: 725px) 100vw, 725px\" \/><\/a><\/p>\n","protected":false},"excerpt":{"rendered":"<p>Mit unserer visuell-sensitiven 360\u00b0-Videotechnologieentwicklung erfassen wir den aktuellen Zustand der Verkehrsinfrastruktur. Die Dokumentation erfolgt mit eigenem Befahrungsfahrzeug. Wir bieten turnunsm\u00e4\u00dfige Nachbefahrungen und einen eigenen Viewer zum georeferenzierten Darstellen und Auswerten der Videos an. Die Erfassung erfolgt nach qualit\u00e4tszertifizierten Richtlinien DIN<\/p>\n","protected":false},"author":1,"featured_media":0,"parent":0,"menu_order":0,"comment_status":"closed","ping_status":"closed","template":"","meta":{"_monsterinsights_skip_tracking":false,"_monsterinsights_sitenote_active":false,"_monsterinsights_sitenote_note":"","_monsterinsights_sitenote_category":0,"footnotes":""},"class_list":["post-153","page","type-page","status-publish","hentry"],"aioseo_notices":[],"_links":{"self":[{"href":"https:\/\/gis-dienst.de\/index.php?rest_route=\/wp\/v2\/pages\/153","targetHints":{"allow":["GET"]}}],"collection":[{"href":"https:\/\/gis-dienst.de\/index.php?rest_route=\/wp\/v2\/pages"}],"about":[{"href":"https:\/\/gis-dienst.de\/index.php?rest_route=\/wp\/v2\/types\/page"}],"author":[{"embeddable":true,"href":"https:\/\/gis-dienst.de\/index.php?rest_route=\/wp\/v2\/users\/1"}],"replies":[{"embeddable":true,"href":"https:\/\/gis-dienst.de\/index.php?rest_route=%2Fwp%2Fv2%2Fcomments&post=153"}],"version-history":[{"count":23,"href":"https:\/\/gis-dienst.de\/index.php?rest_route=\/wp\/v2\/pages\/153\/revisions"}],"predecessor-version":[{"id":586,"href":"https:\/\/gis-dienst.de\/index.php?rest_route=\/wp\/v2\/pages\/153\/revisions\/586"}],"wp:attachment":[{"href":"https:\/\/gis-dienst.de\/index.php?rest_route=%2Fwp%2Fv2%2Fmedia&parent=153"}],"curies":[{"name":"wp","href":"https:\/\/api.w.org\/{rel}","templated":true}]}}