{"id":11,"date":"2015-05-12T17:50:15","date_gmt":"2015-05-12T15:50:15","guid":{"rendered":"https:\/\/gis-dienst.de\/?page_id=11"},"modified":"2017-10-04T11:49:15","modified_gmt":"2017-10-04T09:49:15","slug":"gis","status":"publish","type":"page","link":"https:\/\/gis-dienst.de\/?page_id=11","title":{"rendered":"GIS"},"content":{"rendered":"<table>\n<tbody>\n<tr>\n<td width=\"307\">\u00a0<a href=\"https:\/\/gis-dienst.de\/wp-content\/uploads\/2015\/05\/GIS_Deutschland.png\"><img loading=\"lazy\" decoding=\"async\" class=\"  wp-image-493 aligncenter\" src=\"https:\/\/gis-dienst.de\/wp-content\/uploads\/2015\/05\/GIS_Deutschland.png\" alt=\"GIS_Deutschland\" width=\"465\" height=\"578\" srcset=\"https:\/\/gis-dienst.de\/wp-content\/uploads\/2015\/05\/GIS_Deutschland.png 752w, https:\/\/gis-dienst.de\/wp-content\/uploads\/2015\/05\/GIS_Deutschland-241x300.png 241w\" sizes=\"auto, (max-width: 465px) 100vw, 465px\" \/><\/a><\/td>\n<td style=\"text-align: left;\" width=\"307\">\n<p class=\"bodytext\" style=\"text-align: justify;\"><span style=\"color: #000000;\">Wir als GIS-Dienst GmbH besch\u00e4ftigen uns seit nunmehr zwanzig Jahren mit dem Thema\u00a0 GIS-Dienstleistungen und Geodaten-Management.<\/span><\/p>\n<p class=\"bodytext\" style=\"text-align: justify;\"><span style=\"color: #000000;\">Unser L\u00f6sungs- und Dienstleistungs-angebot passt sich dabei den individuellen Bed\u00fcrfnissen unserer Kunden an und umfasst Beratung, Umsetzung und den Betrieb \u00fcber unsere Web Services.<\/span><\/p>\n<p style=\"text-align: justify;\"><span style=\"color: #000000;\">Wir unterst\u00fctzen Sie mit folgenden Leistungen:<\/span><\/p>\n<ul>\n<li><span style=\"color: #000000;\">Projektbearbeitung<\/span><\/li>\n<li><span style=\"color: #000000;\">Geodatenaufbereitung<\/span><\/li>\n<li><span style=\"color: #000000;\">Geodatenvisualisierung<\/span><\/li>\n<li><span style=\"color: #000000;\">Geodatenanalyse<\/span><\/li>\n<\/ul>\n<\/td>\n<\/tr>\n<\/tbody>\n<\/table>\n","protected":false},"excerpt":{"rendered":"<p>\u00a0 Wir als GIS-Dienst GmbH besch\u00e4ftigen uns seit nunmehr zwanzig Jahren mit dem Thema\u00a0 GIS-Dienstleistungen und Geodaten-Management. Unser L\u00f6sungs- und Dienstleistungs-angebot passt sich dabei den individuellen Bed\u00fcrfnissen unserer Kunden an und umfasst Beratung, Umsetzung und den Betrieb \u00fcber unsere Web<\/p>\n","protected":false},"author":1,"featured_media":77,"parent":0,"menu_order":0,"comment_status":"closed","ping_status":"closed","template":"","meta":{"_monsterinsights_skip_tracking":false,"_monsterinsights_sitenote_active":false,"_monsterinsights_sitenote_note":"","_monsterinsights_sitenote_category":0,"footnotes":""},"class_list":["post-11","page","type-page","status-publish","has-post-thumbnail","hentry"],"aioseo_notices":[],"_links":{"self":[{"href":"https:\/\/gis-dienst.de\/index.php?rest_route=\/wp\/v2\/pages\/11","targetHints":{"allow":["GET"]}}],"collection":[{"href":"https:\/\/gis-dienst.de\/index.php?rest_route=\/wp\/v2\/pages"}],"about":[{"href":"https:\/\/gis-dienst.de\/index.php?rest_route=\/wp\/v2\/types\/page"}],"author":[{"embeddable":true,"href":"https:\/\/gis-dienst.de\/index.php?rest_route=\/wp\/v2\/users\/1"}],"replies":[{"embeddable":true,"href":"https:\/\/gis-dienst.de\/index.php?rest_route=%2Fwp%2Fv2%2Fcomments&post=11"}],"version-history":[{"count":29,"href":"https:\/\/gis-dienst.de\/index.php?rest_route=\/wp\/v2\/pages\/11\/revisions"}],"predecessor-version":[{"id":507,"href":"https:\/\/gis-dienst.de\/index.php?rest_route=\/wp\/v2\/pages\/11\/revisions\/507"}],"wp:featuredmedia":[{"embeddable":true,"href":"https:\/\/gis-dienst.de\/index.php?rest_route=\/wp\/v2\/media\/77"}],"wp:attachment":[{"href":"https:\/\/gis-dienst.de\/index.php?rest_route=%2Fwp%2Fv2%2Fmedia&parent=11"}],"curies":[{"name":"wp","href":"https:\/\/api.w.org\/{rel}","templated":true}]}}